).
23
Let o(i) = 2*i**3 + 2*i**2 - 2*i - 2. Determine o(-2).
-6
Let u(y) = 2*y + 8. What is u(0)?
8
Let q(w) = 14*w - 10. Determine q(2).
18
Let b(x) = x - 1. What is b(-14)?
-15
Let y(o) = -o**3 + 5*o**2 + 23*o + 2. Give y(-3).
5
Let k(w) = 2*w**2 + 2. What is k(0)?
2
Let x(j) = -j**2 - 7*j + 35. Determine x(6).
-43
Let p(s) = -s**2 + 4*s + 4. What is p(3)?
7
Let i(w) = -w**3 + 5*w**2 + 48*w + 13. Calculate i(10).
-7
Let o(k) = -k**2 - 14*k - 2. Calculate o(-13).
11
Let y(o) = -14*o**2 - 2*o + 1. Calculate y(1).
-15
Let g(x) = -10*x + 38. Calculate g(3).
8
Let i(x) = 7*x + 126. Calculate i(-15).
21
Let j(f) = -4*f - 13. Calculate j(-3).
-1
Let b(q) = -q**3 - 13*q**2 - 12*q + 26. Give b(-12).
26
Let h(t) = t**2 + 16*t - 38. What is h(-17)?
-21
Let z(h) = -11*h + 109. Determine z(14).
-45
Let m(r) = 18*r - 169. Determine m(10).
11
Let u(g) = -g**3 + 6*g**2 - 5*g - 12. Determine u(5).
-12
Let u(x) = -4*x + 43. Calculate u(5).
23
Let l(s) = -2*s**3 - 13*s**2 - 4*s + 12. Calculate l(-6).
0
Let m(p) = p**2 + 19*p + 1. Determine m(-20).
21
Let k(f) = -2*f**2 - 7*f - 8. Give k(-3).
-5
Let j(b) = 4*b - 5. Determine j(-5).
-25
Let j(y) = 2*y**2 - 28*y + 6. What is j(11)?
-60
Let t(x) = -x + 41. Calculate t(8).
33
Let v(l) = -l**2 - 4*l + 4. What is v(-6)?
-8
Let v(g) = -5*g - 5. What is v(-7)?
30
Let b(f) = -2*f + 1. What is b(3)?
-5
Let t(i) = 2*i**2 + 19*i + 15. Determine t(-7).
-20
Let p(x) = -2*x**2 - 2*x + 1. What is p(-2)?
-3
Let i(k) = k + 11. Determine i(-3).
8
Let g(r) = -r**3 - 4*r**2 - 3*r - 1. What is g(-4)?
11
Let q(x) = 13*x - 12. Give q(1).
1
Let g(b) = -12*b - 3. Calculate g(-2).
21
Let c(g) = -g**3 + 14*g**2 - 23*g - 11. Give c(12).
1
Let c(s) = s - 30. Calculate c(14).
-16
Let l(q) = -q**3 + 7*q**2 - 3*q + 19. Calculate l(7).
-2
Let o(z) = 2*z**3 + z**2 - 5. Determine o(-4).
-117
Let w(s) = 14*s**2 - 2*s + 1. Determine w(1).
13
Let i(m) = -12*m - 64. Calculate i(-6).
8
Let x(n) = -n**2 + 15*n - 48. Give x(7).
8
Let b(a) = -2*a**2 + 12*a + 44. What is b(9)?
-10
Let d(o) = 12*o**2 + 6*o - 3. Give d(-1).
3
Let w(r) = -r**2 + 16*r - 2. Determine w(15).
13
Let s(r) = 2*r**2 - 21*r - 35. Give s(12).
1
Let w(a) = -19*a + 25. What is w(8)?
-127
Let j(t) = t**2 - 5*t - 1. What is j(6)?
5
Let u(q) = -2*q + 12. Give u(8).
-4
Let j(a) = a**2 + 2*a. What is j(-2)?
0
Let g(v) = -v**2 + 9*v + 12. What is g(11)?
-10
Let h(r) = -5*r - 7. Calculate h(2).
-17
Let d(m) = 2*m**2 + 5*m + 5. Give d(-3).
8
Let s(c) = -3*c**3 - 69*c**2 + c + 17. Determine s(-23).
-6
Let q(n) = -n**3 + 7*n**2 - 7*n + 3. Give q(6).
-3
Let g(j) = -8*j + 4. Give g(-3).
28
Let d(n) = -n**2 + 20*n + 25. Give d(14).
109
Let b(z) = 4*z + 34. What is b(-11)?
-10
Let o(n) = 2*n**3 - 3*n**2 + 4*n - 5. Calculate o(2).
7
Let a(m) = -m + 1. Calculate a(-3).
4
Let i(l) = l**3 - 20*l**2 - 22*l + 5. Determine i(21).
-16
Let m(y) = -y**2 - 9*y - 18. What is m(-6)?
0
Let r(t) = t - 5. Calculate r(-8).
-13
Let i(l) = -l**2 + l - 19. Calculate i(0).
-19
Let x(t) = t**3 + 4*t**2 - 2*t - 3. What is x(-3)?
12
Let y(n) = -n**3 + 16*n**2 - 23*n + 29. Determine y(14).
99
Let v(o) = -o**2 + 24*o - 3. Give v(22).
41
Let a(o) = -2*o + 10. Calculate a(7).
-4
Let f(y) = 8*y**2 - 2*y. Give f(-2).
36
Let h(d) = -d**2 - 12*d + 106. What is h(-18)?
-2
Let w(i) = 2*i**3 - 8*i**2 + 7*i + 4. Calculate w(4).
32
Let j(m) = 19*m**2 + 14*m - 14. Determine j(1).
19
Let i(p) = 16*p**2 + p + 2. Give i(-1).
17
Let i(u) = 2*u**2 - 6. Calculate i(3).
12
Let g(u) = 4*u + 6. Give g(1).
10
Let h(o) = 2*o**2 + 4*o - 10. What is h(-5)?
20
Let n(u) = -4*u**3 + u**2 - 1. What is n(2)?
-29
Let h(d) = -d**2 - 19*d + 7. Give h(0).
7
Let j(x) = 15*x + 35. Give j(-2).
5
Let z(g) = 30*g - 279. Determine z(9).
-9
Let u(k) = -3*k + 24. Calculate u(8).
0
Let f(y) = -11*y**2 + y - 6. Determine f(2).
-48
Let j(y) = -y**2 + 6*y + 4. Calculate j(6).
4
Let x(a) = -15*a + 80. Calculate x(6).
-10
Let p(d) = d - 9. What is p(-9)?
-18
Let g(d) = d - 13. Determine g(5).
-8
Let z(o) = o - 8. What is z(-8)?
-16
Let r(d) = d**3 - 4*d**2 + 5*d - 5. Give r(4).
15
Let g(s) = -s**3 - 7*s**2 + 10*s + 3. What is g(-8)?
-13
Let x(r) = r**2 + 8*r + 8. What is x(-6)?
-4
Let g(l) = -l**2 + l + 1. What is g(5)?
-19
Let h(i) = -2*i**3 - i**2 + i - 2. What is h(-3)?
40
Let d(l) = l**3 + 10*l**2. What is d(-10)?
0
Let q(h) = 2*h**3 + 3*h**2 - 11. Determine q(0).
-11
Let l(u) = -3*u**2 + 21*u + 98. Determine l(10).
8
Let d(h) = h**3 - 11*h**2 + 9*h + 1. Determine d(10).
-9
Let l(k) = -k - 50. Determine l(-53).
3
Let h(i) = i**2 + 13*i + 30. Calculate h(-5).
-10
Let x(t) = t**3 - 5*t - 1. Determine x(0).
-1
Let r(b) = b**2 - 5*b - 2. Calculate r(10).
48
Let h(r) = 2*r**3 - 49*r**2 - 22*r - 56. Determine h(25).
19
Let p(y) = -23*y + 5. Calculate p(-4).
97
Let p(g) = 39*g**2 + 81*g + 3. Determine p(-2).
-3
Let k(i) = -9*i + 87. Give k(9).
6
Let r(t) = t**3 + 12*t**2 + 20*t - 2. Give r(-10).
-2
Let s(l) = l**3 - 12*l**2 - 3*l + 16. Determine s(12).
-20
Let c(i) = 10*i**2 - i + 1. Determine c(1).
10
Let x(n) = -9*n**3 + 2*n**2 + 2*n + 1. Give x(-1).
10
Let x(w) = -w**3 + 15*w**2 - 2*w - 3. What is x(15)?
-33
Let b(h) = h**3 - 5*h**2 + 11*h - 8. Determine b(4).
20
Let d(b) = -2*b**3 + 3*b + 6. What is d(0)?
6
Let t(d) = 6*d + 17. Calculate t(-2).
5
Let l(i) = -15*i**2 + 4*i - 13. Determine l(2).
-65
Let j(q) = q**2 + 43*q + 42. Give j(-42).
0
Let z(h) = -25*h - 235. Calculate z(-9).
-10
Let k(m) = -6*m - 12. What is k(-9)?
42
Let f(s) = -s**2 - 6*s - 4. Determine f(-3).
5
Let w(c) = -2*c - 51. What is w(-6)?
-39
Let z(q) = -2*q**3 - 6*q**2 - 2*q + 11. Give z(-4).
51
Let h(v) = -2*v**2 - 6*v - 1. Calculate h(3).
-37
Let t(i) = 3*i**3 - 80*i**2 + 50*i + 48. Calculate t(26).
-4
Let o(z) = -z**2 - 5*z - 4. Determine o(0).
-4
Let c(n) = n**2 + 5*n - 3. What is c(-6)?
3
Let p(x) = -2*x**2 + 3*x + 57. What is p(-7)?
-62
Let i(j) = -j**3 + 5*j**2. Determine i(5).
0
Let i(o) = -o**3 + 22*o**2 - 75*o + 51. What is i(18)?
-3
Let s(q) = 28*q - 143. Give s(5).
-3
Let v(w) = -w**2 - 13*w - 35. What is v(-10)?
-5
Let c(u) = -u + 18. Give c(-13).
31
Let d(r) = r**2 - 1. What is d(-3)?
8
Let t(n) = 4*n - 8. What is t(6)?
16
Let k(g) = -8*g + 9. What is k(6)?
-39
Let j(g) = g**3 + 19*g**2 + g - 38. What is j(-19)?
-57
Let h(o) = o**3 - 2*o**2 - 6*o + 7. Calculate h(3).
-2
Let g(t) = t**2 + t - 6. Give g(0).
-6
Let w(j) = -2*j**3 - j**2 - 4*j - 3. Give w(-2).
17
Let n(j) = 2*j**2 - 58*j + 190. Calculate n(25).
-10
Let m(p) = 3*p - 6. What is m(6)?
12
Let i(g) = -4*g + 6. What is i(2)?
-2
Let o(h) = h**3 - 5*h**2 - 5. Calculate o(5).
-5
Let x(y) = y**3 - 12*y**2 - 24*y - 73. Calculate x(14).
-17
Let j(b) = -10*b - 5. Give j(-6).
55
Let y(x) = 2*x**2 + 44*x - 45. Give y(-23).
1
Let i(a) = 3*a**2 + 39*a - 78. Determine i(-15).
12
Let s(t) = -8*t - 63. Determine s(-19).
89
Let d(z) = -4*z + 126. What is d(30)?
6
Let w(g) = -g**3 + 3*g**2 + 13*g - 16. Calculate w(6).
-46
Let q(c) = 2*c**2 - 21*c - 11. What is q(11)?
0
Let f(t) = 4*t**2 + 4*t + 3. What is f(-2)?
11
Let z(r) = -2*r**2 + 7*r - 5. Calculate z(4).
-9
Let d(y) = -y + 2. Give d(7).
-5
Let o(u) = u**3 - 6*u**2 - 2*u - 1. Give o(7).
34
Let h(w) = -w**2 + 15*w - 39. What is h(19)?
-115
Let c(u) = -7*u - 42. Give c(-9).
21
Let w(j) = 4*j**2 - 41*j + 20. Calculate w(9).
-25
Let m(v) = 6*v**2 - v. Determine m(1).
5
Let t(m) = 20*m**2 - 7*m. What is t(3)?
159
Let t(v) = 2*v**2 - 43*v + 216. Determine t(11).
-15
Let j(n) = -n**3 + 2*n**2 - 2*n + 1. What is j(1)?
0
Let j(u) = -u - 6. Determine j(-8).
2
Let y(b) = 37*b**2 - 2*b - 1. What is y(-1)?
38
Let f(c) = -3*c**3 - c**2 - 4*c + 3. Calculate f(2).
-33
Let w(p) = -5*p + 12. Calculate w(12).
-48
Let s(g) = -g**3 + 11*g**2 + 11*g + 10. Determine s(12).
-2
Let u(i) = 78*i + 621. Give u(-8).
-3
Let r(k) = 11*k**2 + 1. Calculate r(-2).
45
Let y(d) = -3*d**2 - 20*d - 37. Determine y(-2).
-9
Let u(h) = 2*h - 14. Determine u(4).
-6
Let d(p) = p**3 + 7*p**2 - 6*p - 7. Determine d(-6).
65
Let k(o) = -3*o - 12. Calculate k(-5).
3
Let y(a) = 7*a + 4. Determine y(4).
32
Let d(p) = -7*p - 39. What is d(-4)?
-11
Let b(q) = -15*q - 18. What is b(-6)?
72
Let z(i) = -2*i - 4. Determine z(-9).
14
Let s(h) = -h**3 - h**2 + 19*h + 39. What is s(-2)?
5
Let k(c) = -26*c - 8. What is k(-2)?
44
Let w(q) = 8*q**3